te the greatest common divisor of j and 9.
9
Suppose y + 41 = 5*n - 2*y, 0 = n + 3*y - 19. Calculate the greatest common divisor of 40 and n.
10
Let u be (-598)/(-5) + (-2)/(-5). Let w = 195 - u. Let h = -30 + w. Calculate the highest common factor of 9 and h.
9
Suppose g + 3*n - 127 = 0, 3*g + n - 341 = 2*n. What is the highest common divisor of g and 46?
23
Suppose 5*g = 2*g + 15. Suppose 2 = 2*h, -298 = -0*w - g*w + 2*h. What is the highest common factor of w and 20?
20
Let s be (104/(-10))/((-1)/10). Calculate the highest common divisor of s and 13.
13
Suppose 0 = -2*n + 5*q + 19, -3*n - 5*q = -0*q + 9. Calculate the greatest common divisor of 12 and n.
2
Let w(g) = -4*g**2 - 3*g + 4. Let l be w(-3). Let s = 32 + l. What is the highest common factor of 1 and s?
1
Let l(o) = 3*o**3 + 3*o. Let z be l(3). Suppose 0 = 2*b + 3*y - 35, -b - 5*y = b - 45. What is the highest common divisor of z and b?
10
Let j(s) = -s**3 + 12*s**2 + 2*s - 13. Let b be j(12). Calculate the highest common factor of b and 33.
11
Let n(j) = j**2 + j - 2. Let b be n(2). Let q be -2 + 10/(b/2). Suppose 2 = -y + q*y. Calculate the highest common factor of y and 1.
1
Let j be (4/(-3))/((-2)/60). Suppose 0*i + 2*i - j = 0. What is the highest common factor of 40 and i?
20
Let x be (4 - 5)/(1/16). Suppose 0 = 2*v - 2*f + 2, f - 16 = 5*f. Let a = v - x. Calculate the greatest common factor of 77 and a.
11
Let w be (-20)/5*18/(-4). Calculate the greatest common factor of 9 and w.
9
Suppose -3*x = 2*x - 20. Suppose -3*j = -z - 42, -x*j + 3*z = -0*z - 61. What is the greatest common divisor of 91 and j?
13
Let m = -101 + 105. Calculate the greatest common divisor of 36 and m.
4
Let n(z) = -z**2 - 14*z - 18. Let t be n(-12). What is the highest common divisor of t and 3?
3
Let q(w) = w**2 - 6*w - 3. Let n be q(6). Let b(p) = -p**3 - 4*p**2 - 4*p - 1. Let g be b(n). Calculate the greatest common divisor of 8 and g.
2
Let s = -1 + 4. Suppose q = -4*f - 26, s*q - 5*f = -10*f - 50. Let r be (2/(-3))/(q/195). What is the highest common factor of r and 13?
13
Suppose d + 5 = 6*d. Suppose m - d = 4. Calculate the greatest common divisor of 40 and m.
5
Suppose x + x = -2*s - 6, 2*s = -4*x - 16. What is the highest common factor of s and 14?
2
Suppose -2*p - 128 = -5*r - 708, p - 3*r = 291. What is the highest common divisor of 15 and p?
15
Let c(x) = -6*x + x**3 - 2 - 6 + 4*x**2 + 1. Let h be c(-5). Let d be (h/(-4))/((-3)/(-528)). Calculate the highest common factor of d and 11.
11
Let w be 1 - 1 - (-1 - 1). Suppose 0 = 5*t + r - 228, 0 = 2*t + w*r - 127 + 31. Calculate the greatest common divisor of 9 and t.
9
Suppose 2*a - 36 = 3*y, -4*a + 83 = 5*y - 11. What is the greatest common factor of 105 and a?
21
Let y = 35 + -19. Let x(o) = -5*o + 1. Let h be x(-3). What is the greatest common factor of h and y?
16
Let y(h) = -2*h**2 + 11*h - 1. Let k be y(5). What is the greatest common divisor of k and 12?
4
Let r be (-7 + (-3 - -7))*64/(-12). What is the greatest common factor of 88 and r?
8
Let r(x) = -14*x + 3. Let z be r(9). Let j = z - -213. What is the highest common divisor of j and 15?
15
Suppose 4*l - 3*l - 3 = 0. Suppose -3*r + 90 = l*r. What is the greatest common factor of r and 60?
15
Let n(a) = -3*a - 11. Let z be n(-5). Suppose 59 - z = b. What is the greatest common factor of 22 and b?
11
Let f(l) be the third derivative of l**5/60 - 5*l**4/12 + 5*l**3/3 + 6*l**2. Let h be f(9). What is the greatest common divisor of h and 8?
1
Let s = -30 + 42. What is the greatest common divisor of 24 and s?
12
Suppose -g - 27396 = 2*g. Let l be g/(-9) + (-3)/(-9). Suppose l = 5*y + 3*u - 7*u, -5*y + 2*u = -1025. What is the greatest common factor of y and 23?
23
Suppose -4*a + 7*a = 0. Let z be a + 2*27/6. Let v be 2/6 - (-141)/z. Calculate the greatest common factor of v and 128.
16
Suppose 2*u - 145 = 5*t, -2*u + 25 + 127 = 2*t. What is the greatest common factor of 30 and u?
15
Let w(k) = 2*k - 1. Let a be w(5). Let i be 3/a*(-2 + 8). Calculate the highest common factor of 2 and i.
2
Suppose -a - 9 = -4*a. Suppose m - a = -1. Suppose 2*u = -m*u - 12, -u = -2*t + 147. Calculate the highest common factor of 9 and t.
9
Let y be 3/(-1 + 34/28). Suppose -4*f = -166 + 18. Let t be f + 1*4/(-2). What is the highest common factor of t and y?
7
Let c = 78 + -30. Calculate the greatest common divisor of 32 and c.
16
Let w = -252 + 374. Suppose -w + 20 = -t + 3*p, 0 = -3*t - 2*p + 262. Calculate the highest common factor of t and 15.
15
Suppose -38 = -4*x + 2*g, -3*g = -5*x - 4*g + 44. What is the greatest common factor of x and 18?
9
Suppose -n + 5*n = 8. Suppose 4*r - 119 = 3*u, n*r + 5*u = 3*u + 42. Suppose 12*q = 16*q - 52. Calculate the highest common divisor of q and r.
13
Suppose 2 = -4*o + 10. Suppose -y + 5*y + 1 = -3*i, 1 = o*y + i. Suppose -3*c = -2*k + 105, -c = y*k + 3*c - 84. Calculate the highest common factor of 6 and k.
6
Let p be 2/10 - (-14433)/85. Calculate the greatest common factor of p and 17.
17
Let r be 0 + 3 - 10/(-10). Suppose 2*p + 4*h - 30 = 0, -5*h + r = -p - 16. Let i = -36 + 71. Calculate the greatest common divisor of i and p.
5
Suppose -3*i - 12 = 0, i + 4 = -3*d - 0*i. Suppose 5*l + f - 69 = d, -3*f = -2*l - f + 18. Suppose p = -p + 78. What is the greatest common divisor of l and p?
13
Let q = 35 + -21. Calculate the greatest common factor of 70 and q.
14
Let s be 2/11 + (-679)/(-77). What is the highest common factor of s and 27?
9
Let m be -3 + 3 - 1*2. Let a = 0 + 18. Let l = m + a. What is the greatest common factor of l and 4?
4
Suppose -2*s = -2*j - 2, 0*j = -5*s - j + 11. Suppose 3*l + s = 29. Calculate the greatest common factor of l and 1.
1
Suppose -12 + 56 = 2*h. What is the greatest common divisor of 33 and h?
11
Let c(b) = b**2 - 9*b + 12. Let p be c(8). Suppose -a + 4*l + 25 = 5, -5*a + 5*l = -145. Calculate the highest common divisor of a and p.
4
Suppose 0 = -5*v - 0*g - 5*g + 60, 2*v = 5*g + 31. Let o(p) = 10*p - 2. Let d be o(8). Suppose 3*w = w + d. Calculate the highest common divisor of w and v.
13
Let k(u) = 37*u - 3. Let h be k(-5). Let x = -93 - h. What is the highest common divisor of x and 38?
19
Suppose -w = -5*b - 164, -2*b + b = -4*w + 580. Calculate the greatest common divisor of w and 12.
12
Let q = -416 - -245. Let n = q - -256. Suppose -3*y - y = -5*p - 55, -4*y - p = -n. What is the greatest common divisor of 5 and y?
5
Suppose 2*g + 5*j + 85 = -0*g, -2*j - 40 = g. Let z = -6 - g. What is the highest common divisor of z and 12?
12
Suppose 4*x = 2*x + 66. Let g = 73 - x. What is the highest common factor of g and 60?
20
Suppose 52 = -3*s - 59. Let y = -21 - s. What is the highest common divisor of y and 176?
16
Suppose -2*d - 2*d + 572 = 2*l, -2*d + 4*l = -266. Calculate the highest common factor of d and 47.
47
Suppose p + 21 = 4*p - 2*a, p = a + 8. Let b be (p/(-3) - -1)*-3. What is the highest common factor of b and 1?
1
Let q = 8 - 8. Let a be (q - -1)/(1/446). Let d = a - 292. Calculate the highest common divisor of d and 14.
14
Let v = -36 - -61. Suppose v = b - 0*b. Calculate the greatest common factor of b and 10.
5
Let q be ((-5)/2 + 1)*20. Let d be ((-2)/(-3))/((-4)/q). Let n = -18 - -38. Calculate the highest common factor of n and d.
5
Let z(n) = -40*n**2 - 2*n. Let w be z(-2). Let t = -108 - w. Suppose 3*m - m - 16 = 0. Calculate the greatest common divisor of t and m.
8
Let s be 0/(-2)*(1 + 0). Suppose -g - 6 + 14 = s. Let f = 22 - 2. Calculate the highest common factor of f and g.
4
Let j(g) = g**2 + 8*g + 12. Let w be j(-6). Let v = 44 - w. Calculate the greatest common divisor of v and 11.
11
Let u be (-444)/(-15) + 4/10. Calculate the greatest common divisor of 15 and u.
15
Let a(s) = -s**3 - 8*s**2 - 7*s - 3. Let p be a(-7). Let i(y) = -2*y + 2. Let f be i(p). What is the greatest common factor of f and 8?
8
Suppose 345 = -4*b + 2*q + 3*q, -3*b + 2*q - 250 = 0. Let g = b + 152. What is the highest common factor of 8 and g?
8
Let g = -60 + 162. What is the highest common divisor of g and 68?
34
Suppose -b - 3 = 4*t + t, -4*t = -5*b + 72. Suppose -41 = k - 4*k + 5*j, 0 = -4*k - 2*j + 46. What is the highest common divisor of k and b?
12
Let x = -59 + 76. Calculate the greatest common factor of x and 119.